{"id":185,"date":"2023-01-06T12:38:07","date_gmt":"2023-01-06T11:38:07","guid":{"rendered":"http:\/\/askgaard.dk\/?page_id=185"},"modified":"2023-11-21T08:54:55","modified_gmt":"2023-11-21T07:54:55","slug":"stamtavle","status":"publish","type":"page","link":"http:\/\/askgaard.dk\/index.php\/stamtavle\/","title":{"rendered":"stamtavle"},"content":{"rendered":"\t\t<div data-elementor-type=\"wp-page\" data-elementor-id=\"185\" class=\"elementor elementor-185\">\n\t\t\t\t\t\t<section class=\"elementor-section elementor-top-section elementor-element elementor-element-8730d7b elementor-section-boxed elementor-section-height-default elementor-section-height-default\" data-id=\"8730d7b\" data-element_type=\"section\">\n\t\t\t\t\t\t<div class=\"elementor-container elementor-column-gap-default\">\n\t\t\t\t\t<div class=\"elementor-column elementor-col-100 elementor-top-column elementor-element elementor-element-6411679\" data-id=\"6411679\" data-element_type=\"column\">\n\t\t\t<div class=\"elementor-widget-wrap elementor-element-populated\">\n\t\t\t\t\t\t<div class=\"elementor-element elementor-element-98f662f elementor-widget elementor-widget-text-editor\" data-id=\"98f662f\" data-element_type=\"widget\" data-widget_type=\"text-editor.default\">\n\t\t\t\t<div class=\"elementor-widget-container\">\n\t\t\t<style>\/*! elementor - v3.22.0 - 26-06-2024 *\/\n.elementor-widget-text-editor.elementor-drop-cap-view-stacked .elementor-drop-cap{background-color:#69727d;color:#fff}.elementor-widget-text-editor.elementor-drop-cap-view-framed .elementor-drop-cap{color:#69727d;border:3px solid;background-color:transparent}.elementor-widget-text-editor:not(.elementor-drop-cap-view-default) .elementor-drop-cap{margin-top:8px}.elementor-widget-text-editor:not(.elementor-drop-cap-view-default) .elementor-drop-cap-letter{width:1em;height:1em}.elementor-widget-text-editor .elementor-drop-cap{float:left;text-align:center;line-height:1;font-size:50px}.elementor-widget-text-editor .elementor-drop-cap-letter{display:inline-block}<\/style>\t\t\t\t<h3><strong>Instruktion<\/strong><\/h3><p><strong>Stamtavlen\/eftersl\u00e6gtstavlen skal l\u00e6ses s\u00e5dan, at tallet foran navnet er nummeret p\u00e5 generationen.\u00a0<\/strong><\/p><p><strong>Et eksempel er 5-S\u00f8ren Jensen Madsen, der er f\u00f8dt den 20.dec. 1853 og siden tager navnet S\u00f8ren Askgaard. <\/strong><\/p><p><strong>Han bliver den 16. maj 1882 gift med Ingeborg S\u00f8rensen\/ S\u00f8rensdatter<\/strong>. <strong>De f\u00e5r b\u00f8rnene 6-Kirstine og 6-Inger Marie.<\/strong><\/p><p><strong>Ingeborg d\u00f8r den 29. august1885, og den 5. juli 1888 gifter S\u00f8ren sig med Christiane Marie Hoberg, med hvem han f\u00e5r b\u00f8rnene 6-Ingeborg,\u00a0 6-Niels Martin, 6-Jens, 6-J\u00f8rgine, 6-Ingvar og 6-Ejnar.<\/strong><\/p><p><strong>For nulevende personer er kun fornavnet angivet. \u00d8nske om yderligere oplysninger kan rettes til webmaster p\u00e5 mailadressen anf\u00f8rt nederst p\u00e5 startsiden.<br \/><\/strong><\/p>\t\t\t\t\t\t<\/div>\n\t\t\t\t<\/div>\n\t\t\t\t\t<\/div>\n\t\t<\/div>\n\t\t\t\t\t<\/div>\n\t\t<\/section>\n\t\t\t\t<section class=\"elementor-section elementor-top-section elementor-element elementor-element-f24009d elementor-section-boxed elementor-section-height-default elementor-section-height-default\" data-id=\"f24009d\" data-element_type=\"section\">\n\t\t\t\t\t\t<div class=\"elementor-container elementor-column-gap-default\">\n\t\t\t\t\t<div class=\"elementor-column elementor-col-100 elementor-top-column elementor-element elementor-element-88752de\" data-id=\"88752de\" data-element_type=\"column\">\n\t\t\t<div class=\"elementor-widget-wrap elementor-element-populated\">\n\t\t\t\t\t\t<div class=\"elementor-element elementor-element-b1e7529 elementor-widget elementor-widget-image\" data-id=\"b1e7529\" data-element_type=\"widget\" data-widget_type=\"image.default\">\n\t\t\t\t<div class=\"elementor-widget-container\">\n\t\t\t<style>\/*! elementor - v3.22.0 - 26-06-2024 *\/\n.elementor-widget-image{text-align:center}.elementor-widget-image a{display:inline-block}.elementor-widget-image a img[src$=\".svg\"]{width:48px}.elementor-widget-image img{vertical-align:middle;display:inline-block}<\/style>\t\t\t\t\t\t\t\t\t\t<img fetchpriority=\"high\" decoding=\"async\" width=\"547\" height=\"644\" src=\"http:\/\/askgaard.dk\/wp-content\/uploads\/2023\/01\/Skaermbillede-2023-01-06-kl.-12.24.51.png\" class=\"attachment-large size-large wp-image-194\" alt=\"\" srcset=\"http:\/\/askgaard.dk\/wp-content\/uploads\/2023\/01\/Skaermbillede-2023-01-06-kl.-12.24.51.png 547w, http:\/\/askgaard.dk\/wp-content\/uploads\/2023\/01\/Skaermbillede-2023-01-06-kl.-12.24.51-255x300.png 255w\" sizes=\"(max-width: 547px) 100vw, 547px\" \/>\t\t\t\t\t\t\t\t\t\t\t\t\t<\/div>\n\t\t\t\t<\/div>\n\t\t\t\t<div class=\"elementor-element elementor-element-5ab6882 elementor-widget elementor-widget-image\" data-id=\"5ab6882\" data-element_type=\"widget\" data-widget_type=\"image.default\">\n\t\t\t\t<div class=\"elementor-widget-container\">\n\t\t\t\t\t\t\t\t\t\t\t\t\t<img decoding=\"async\" width=\"538\" height=\"648\" src=\"http:\/\/askgaard.dk\/wp-content\/uploads\/2023\/01\/Skaermbillede-2023-01-06-kl.-12.25.35.png\" class=\"attachment-large size-large wp-image-195\" alt=\"\" srcset=\"http:\/\/askgaard.dk\/wp-content\/uploads\/2023\/01\/Skaermbillede-2023-01-06-kl.-12.25.35.png 538w, http:\/\/askgaard.dk\/wp-content\/uploads\/2023\/01\/Skaermbillede-2023-01-06-kl.-12.25.35-249x300.png 249w\" sizes=\"(max-width: 538px) 100vw, 538px\" \/>\t\t\t\t\t\t\t\t\t\t\t\t\t<\/div>\n\t\t\t\t<\/div>\n\t\t\t\t<div class=\"elementor-element elementor-element-797c6fd elementor-widget elementor-widget-image\" data-id=\"797c6fd\" data-element_type=\"widget\" data-widget_type=\"image.default\">\n\t\t\t\t<div class=\"elementor-widget-container\">\n\t\t\t\t\t\t\t\t\t\t\t\t\t<img decoding=\"async\" width=\"537\" height=\"636\" src=\"http:\/\/askgaard.dk\/wp-content\/uploads\/2023\/01\/Skaermbillede-2023-01-06-kl.-12.26.07.png\" class=\"attachment-large size-large wp-image-196\" alt=\"\" srcset=\"http:\/\/askgaard.dk\/wp-content\/uploads\/2023\/01\/Skaermbillede-2023-01-06-kl.-12.26.07.png 537w, http:\/\/askgaard.dk\/wp-content\/uploads\/2023\/01\/Skaermbillede-2023-01-06-kl.-12.26.07-253x300.png 253w\" sizes=\"(max-width: 537px) 100vw, 537px\" \/>\t\t\t\t\t\t\t\t\t\t\t\t\t<\/div>\n\t\t\t\t<\/div>\n\t\t\t\t<div class=\"elementor-element elementor-element-fb3508f elementor-widget elementor-widget-image\" data-id=\"fb3508f\" data-element_type=\"widget\" data-widget_type=\"image.default\">\n\t\t\t\t<div class=\"elementor-widget-container\">\n\t\t\t\t\t\t\t\t\t\t\t\t\t<img loading=\"lazy\" decoding=\"async\" width=\"543\" height=\"650\" src=\"http:\/\/askgaard.dk\/wp-content\/uploads\/2023\/01\/Skaermbillede-2023-01-06-kl.-12.26.30.png\" class=\"attachment-large size-large wp-image-197\" alt=\"\" srcset=\"http:\/\/askgaard.dk\/wp-content\/uploads\/2023\/01\/Skaermbillede-2023-01-06-kl.-12.26.30.png 543w, http:\/\/askgaard.dk\/wp-content\/uploads\/2023\/01\/Skaermbillede-2023-01-06-kl.-12.26.30-251x300.png 251w\" sizes=\"(max-width: 543px) 100vw, 543px\" \/>\t\t\t\t\t\t\t\t\t\t\t\t\t<\/div>\n\t\t\t\t<\/div>\n\t\t\t\t<div class=\"elementor-element elementor-element-6864108 elementor-widget elementor-widget-image\" data-id=\"6864108\" data-element_type=\"widget\" data-widget_type=\"image.default\">\n\t\t\t\t<div class=\"elementor-widget-container\">\n\t\t\t\t\t\t\t\t\t\t\t\t\t<img loading=\"lazy\" decoding=\"async\" width=\"540\" height=\"646\" src=\"http:\/\/askgaard.dk\/wp-content\/uploads\/2023\/01\/Skaermbillede-2023-01-06-kl.-12.26.55.png\" class=\"attachment-large size-large wp-image-198\" alt=\"\" srcset=\"http:\/\/askgaard.dk\/wp-content\/uploads\/2023\/01\/Skaermbillede-2023-01-06-kl.-12.26.55.png 540w, http:\/\/askgaard.dk\/wp-content\/uploads\/2023\/01\/Skaermbillede-2023-01-06-kl.-12.26.55-251x300.png 251w\" sizes=\"(max-width: 540px) 100vw, 540px\" \/>\t\t\t\t\t\t\t\t\t\t\t\t\t<\/div>\n\t\t\t\t<\/div>\n\t\t\t\t<div class=\"elementor-element elementor-element-ada3e6d elementor-widget elementor-widget-image\" data-id=\"ada3e6d\" data-element_type=\"widget\" data-widget_type=\"image.default\">\n\t\t\t\t<div class=\"elementor-widget-container\">\n\t\t\t\t\t\t\t\t\t\t\t\t\t<img loading=\"lazy\" decoding=\"async\" width=\"535\" height=\"644\" src=\"http:\/\/askgaard.dk\/wp-content\/uploads\/2023\/01\/Skaermbillede-2023-01-06-kl.-12.27.16.png\" class=\"attachment-large size-large wp-image-199\" alt=\"\" srcset=\"http:\/\/askgaard.dk\/wp-content\/uploads\/2023\/01\/Skaermbillede-2023-01-06-kl.-12.27.16.png 535w, http:\/\/askgaard.dk\/wp-content\/uploads\/2023\/01\/Skaermbillede-2023-01-06-kl.-12.27.16-249x300.png 249w\" sizes=\"(max-width: 535px) 100vw, 535px\" \/>\t\t\t\t\t\t\t\t\t\t\t\t\t<\/div>\n\t\t\t\t<\/div>\n\t\t\t\t<div class=\"elementor-element elementor-element-e8597ab elementor-widget elementor-widget-image\" data-id=\"e8597ab\" data-element_type=\"widget\" data-widget_type=\"image.default\">\n\t\t\t\t<div class=\"elementor-widget-container\">\n\t\t\t\t\t\t\t\t\t\t\t\t\t<img loading=\"lazy\" decoding=\"async\" width=\"537\" height=\"635\" src=\"http:\/\/askgaard.dk\/wp-content\/uploads\/2023\/01\/Skaermbillede-2023-01-06-kl.-12.27.36.png\" class=\"attachment-large size-large wp-image-200\" alt=\"\" srcset=\"http:\/\/askgaard.dk\/wp-content\/uploads\/2023\/01\/Skaermbillede-2023-01-06-kl.-12.27.36.png 537w, http:\/\/askgaard.dk\/wp-content\/uploads\/2023\/01\/Skaermbillede-2023-01-06-kl.-12.27.36-254x300.png 254w\" sizes=\"(max-width: 537px) 100vw, 537px\" \/>\t\t\t\t\t\t\t\t\t\t\t\t\t<\/div>\n\t\t\t\t<\/div>\n\t\t\t\t<div class=\"elementor-element elementor-element-9d5aa7a elementor-widget elementor-widget-image\" data-id=\"9d5aa7a\" data-element_type=\"widget\" data-widget_type=\"image.default\">\n\t\t\t\t<div class=\"elementor-widget-container\">\n\t\t\t\t\t\t\t\t\t\t\t\t\t<img loading=\"lazy\" decoding=\"async\" width=\"541\" height=\"644\" src=\"http:\/\/askgaard.dk\/wp-content\/uploads\/2023\/01\/Skaermbillede-2023-01-06-kl.-12.27.56.png\" class=\"attachment-large size-large wp-image-201\" alt=\"\" srcset=\"http:\/\/askgaard.dk\/wp-content\/uploads\/2023\/01\/Skaermbillede-2023-01-06-kl.-12.27.56.png 541w, http:\/\/askgaard.dk\/wp-content\/uploads\/2023\/01\/Skaermbillede-2023-01-06-kl.-12.27.56-252x300.png 252w\" sizes=\"(max-width: 541px) 100vw, 541px\" \/>\t\t\t\t\t\t\t\t\t\t\t\t\t<\/div>\n\t\t\t\t<\/div>\n\t\t\t\t<div class=\"elementor-element elementor-element-6a5d51f elementor-widget elementor-widget-image\" data-id=\"6a5d51f\" data-element_type=\"widget\" data-widget_type=\"image.default\">\n\t\t\t\t<div class=\"elementor-widget-container\">\n\t\t\t\t\t\t\t\t\t\t\t\t\t<img loading=\"lazy\" decoding=\"async\" width=\"535\" height=\"651\" src=\"http:\/\/askgaard.dk\/wp-content\/uploads\/2023\/01\/Skaermbillede-2023-01-06-kl.-12.28.18.png\" class=\"attachment-large size-large wp-image-202\" alt=\"\" srcset=\"http:\/\/askgaard.dk\/wp-content\/uploads\/2023\/01\/Skaermbillede-2023-01-06-kl.-12.28.18.png 535w, http:\/\/askgaard.dk\/wp-content\/uploads\/2023\/01\/Skaermbillede-2023-01-06-kl.-12.28.18-247x300.png 247w\" sizes=\"(max-width: 535px) 100vw, 535px\" \/>\t\t\t\t\t\t\t\t\t\t\t\t\t<\/div>\n\t\t\t\t<\/div>\n\t\t\t\t<div class=\"elementor-element elementor-element-dd5f589 elementor-widget elementor-widget-image\" data-id=\"dd5f589\" data-element_type=\"widget\" data-widget_type=\"image.default\">\n\t\t\t\t<div class=\"elementor-widget-container\">\n\t\t\t\t\t\t\t\t\t\t\t\t\t<img loading=\"lazy\" decoding=\"async\" width=\"538\" height=\"640\" src=\"http:\/\/askgaard.dk\/wp-content\/uploads\/2023\/01\/Skaermbillede-2023-01-06-kl.-12.28.42.png\" class=\"attachment-large size-large wp-image-203\" alt=\"\" srcset=\"http:\/\/askgaard.dk\/wp-content\/uploads\/2023\/01\/Skaermbillede-2023-01-06-kl.-12.28.42.png 538w, http:\/\/askgaard.dk\/wp-content\/uploads\/2023\/01\/Skaermbillede-2023-01-06-kl.-12.28.42-252x300.png 252w\" sizes=\"(max-width: 538px) 100vw, 538px\" \/>\t\t\t\t\t\t\t\t\t\t\t\t\t<\/div>\n\t\t\t\t<\/div>\n\t\t\t\t<div class=\"elementor-element elementor-element-8bbe5d7 elementor-widget elementor-widget-image\" data-id=\"8bbe5d7\" data-element_type=\"widget\" data-widget_type=\"image.default\">\n\t\t\t\t<div class=\"elementor-widget-container\">\n\t\t\t\t\t\t\t\t\t\t\t\t\t<img loading=\"lazy\" decoding=\"async\" width=\"543\" height=\"650\" src=\"http:\/\/askgaard.dk\/wp-content\/uploads\/2023\/01\/Skaermbillede-2023-01-06-kl.-12.29.00.png\" class=\"attachment-large size-large wp-image-204\" alt=\"\" srcset=\"http:\/\/askgaard.dk\/wp-content\/uploads\/2023\/01\/Skaermbillede-2023-01-06-kl.-12.29.00.png 543w, http:\/\/askgaard.dk\/wp-content\/uploads\/2023\/01\/Skaermbillede-2023-01-06-kl.-12.29.00-251x300.png 251w\" sizes=\"(max-width: 543px) 100vw, 543px\" \/>\t\t\t\t\t\t\t\t\t\t\t\t\t<\/div>\n\t\t\t\t<\/div>\n\t\t\t\t<div class=\"elementor-element elementor-element-c0a11be elementor-widget elementor-widget-image\" data-id=\"c0a11be\" data-element_type=\"widget\" data-widget_type=\"image.default\">\n\t\t\t\t<div class=\"elementor-widget-container\">\n\t\t\t\t\t\t\t\t\t\t\t\t\t<img loading=\"lazy\" decoding=\"async\" width=\"537\" height=\"42\" src=\"http:\/\/askgaard.dk\/wp-content\/uploads\/2023\/01\/Skaermbillede-2023-01-06-kl.-12.29.20.png\" class=\"attachment-large size-large wp-image-205\" alt=\"\" srcset=\"http:\/\/askgaard.dk\/wp-content\/uploads\/2023\/01\/Skaermbillede-2023-01-06-kl.-12.29.20.png 537w, http:\/\/askgaard.dk\/wp-content\/uploads\/2023\/01\/Skaermbillede-2023-01-06-kl.-12.29.20-300x23.png 300w\" sizes=\"(max-width: 537px) 100vw, 537px\" \/>\t\t\t\t\t\t\t\t\t\t\t\t\t<\/div>\n\t\t\t\t<\/div>\n\t\t\t\t\t<\/div>\n\t\t<\/div>\n\t\t\t\t\t<\/div>\n\t\t<\/section>\n\t\t\t\t<\/div>\n\t\t","protected":false},"excerpt":{"rendered":"<p>Instruktion Stamtavlen\/eftersl\u00e6gtstavlen skal l\u00e6ses s\u00e5dan, at tallet foran navnet er nummeret p\u00e5 generationen.\u00a0 Et eksempel er 5-S\u00f8ren Jensen Madsen, der er f\u00f8dt den 20.dec. 1853 og siden tager navnet S\u00f8ren Askgaard. Han bliver den 16. maj 1882 gift med Ingeborg S\u00f8rensen\/ S\u00f8rensdatter. De f\u00e5r b\u00f8rnene 6-Kirstine og 6-Inger Marie. Ingeborg d\u00f8r den 29. august1885, og [&hellip;]<\/p>\n","protected":false},"author":1,"featured_media":0,"parent":0,"menu_order":0,"comment_status":"closed","ping_status":"closed","template":"","meta":{"footnotes":""},"class_list":["post-185","page","type-page","status-publish","hentry","entry"],"_links":{"self":[{"href":"http:\/\/askgaard.dk\/index.php\/wp-json\/wp\/v2\/pages\/185","targetHints":{"allow":["GET"]}}],"collection":[{"href":"http:\/\/askgaard.dk\/index.php\/wp-json\/wp\/v2\/pages"}],"about":[{"href":"http:\/\/askgaard.dk\/index.php\/wp-json\/wp\/v2\/types\/page"}],"author":[{"embeddable":true,"href":"http:\/\/askgaard.dk\/index.php\/wp-json\/wp\/v2\/users\/1"}],"replies":[{"embeddable":true,"href":"http:\/\/askgaard.dk\/index.php\/wp-json\/wp\/v2\/comments?post=185"}],"version-history":[{"count":35,"href":"http:\/\/askgaard.dk\/index.php\/wp-json\/wp\/v2\/pages\/185\/revisions"}],"predecessor-version":[{"id":472,"href":"http:\/\/askgaard.dk\/index.php\/wp-json\/wp\/v2\/pages\/185\/revisions\/472"}],"wp:attachment":[{"href":"http:\/\/askgaard.dk\/index.php\/wp-json\/wp\/v2\/media?parent=185"}],"curies":[{"name":"wp","href":"https:\/\/api.w.org\/{rel}","templated":true}]}}